{"id":39249,"date":"2026-08-17T12:37:32","date_gmt":"2026-08-17T11:37:32","guid":{"rendered":"https:\/\/unitexhtzoprema.com\/?post_type=product&#038;p=39249"},"modified":"2026-08-27T12:20:16","modified_gmt":"2026-08-27T11:20:16","slug":"radna-jakna-bergen-flex-2","status":"publish","type":"product","link":"https:\/\/unitexhtzoprema.com\/en\/product\/radna-jakna-bergen-flex-2\/","title":{"rendered":"Radna jakna BERGEN FLEX"},"content":{"rendered":"<p>Rastegljiva radna jakna BERGEN FLEX kroja koji savr\u0161eno pristaje. Ima visoku kragnu, 6 funkcionalnih d\u017eepova. Zakop\u010dava se rajsfer\u0161lusom, rukavi su anatomski oblikovani, reflektuju\u0107i print. Kroj je klasi\u010dan i dobro pristaje svima.<\/p>\n<h2 class=\"hbb-title\">FLEX TECH\u00ae tehnologija<\/h2>\n<div class=\"hbb-description\">\n<p>Sastav Lacuna tkanina s FLEX TECH\u00ae tehnologijom omogu\u0107uje 2-way stretch mehani\u010dko istezanje tkanine po \u0161irini.<br \/>\nDodatnu rastezljivost omogu\u0107uju 4-way stretch sinteti\u010dka trikota\u017ea rastezljiva i po \u0161irini i du\u017eini koja su u konstrukciji radne ode\u0107e umetnuta u najnapregnutije dielove kao \u0161to je podru\u010dje iza kolena, struka i le\u0111a.<\/p>\n<p>Lacuna radna ode\u0107a s FLEX TECH\u00ae tehnologijom pru\u017ea ve\u0107u fleksibilnost i udobnost, kao i bolje zadr\u017eavanje oblika, izdr\u017eljivost i otpornost na gu\u017evanje.<br \/>\n<strong>BERGEN FLEX<\/strong>\u00a0radna ode\u0107a sastava s visokim udelom pamuka i FLEX TECH\u00ae tehnologijom pru\u017ea izuzetnu prozra\u010dnost i udobnost u rastezljivoj, \u010dvrstoj i izdr\u017eljivoj canvas tkanini<br \/>\nReflektiraju\u0107i detalji u dizajnu kolekcije donose atraktivniji izgled, ali i ve\u0107u uo\u010dljivost u uslovima ote\u017eane vidljivosti.<\/p>\n<\/div>","protected":false},"excerpt":{"rendered":"<p>Rastegljiva radna jakna BERGEN FLEX kroja koji savr\u0161eno pristaje. Ima visoku kragnu, 6 funkcionalnih d\u017eepova. Zakop\u010dava se rajsfer\u0161lusom, rukavi su anatomski oblikovani, reflektuju\u0107i print. Kroj je klasi\u010dan i dobro pristaje svima.<\/p>","protected":false},"featured_media":38854,"template":"","meta":[],"product_brand":[],"product_cat":[71,77],"product_tag":[],"class_list":["post-39249","product","type-product","status-publish","has-post-thumbnail","product_cat-radna-odeca","product_cat-radne-jakne","first","instock","taxable","shipping-taxable","purchasable","product-type-variable","has-default-attributes"],"_links":{"self":[{"href":"https:\/\/unitexhtzoprema.com\/en\/wp-json\/wp\/v2\/product\/39249","targetHints":{"allow":["GET"]}}],"collection":[{"href":"https:\/\/unitexhtzoprema.com\/en\/wp-json\/wp\/v2\/product"}],"about":[{"href":"https:\/\/unitexhtzoprema.com\/en\/wp-json\/wp\/v2\/types\/product"}],"wp:featuredmedia":[{"embeddable":true,"href":"https:\/\/unitexhtzoprema.com\/en\/wp-json\/wp\/v2\/media\/38854"}],"wp:attachment":[{"href":"https:\/\/unitexhtzoprema.com\/en\/wp-json\/wp\/v2\/media?parent=39249"}],"wp:term":[{"taxonomy":"product_brand","embeddable":true,"href":"https:\/\/unitexhtzoprema.com\/en\/wp-json\/wp\/v2\/product_brand?post=39249"},{"taxonomy":"product_cat","embeddable":true,"href":"https:\/\/unitexhtzoprema.com\/en\/wp-json\/wp\/v2\/product_cat?post=39249"},{"taxonomy":"product_tag","embeddable":true,"href":"https:\/\/unitexhtzoprema.com\/en\/wp-json\/wp\/v2\/product_tag?post=39249"}],"curies":[{"name":"wp","href":"https:\/\/api.w.org\/{rel}","templated":true}]}}

<p>Rastegljiva radna jakna BERGEN FLEX kroja koji savršeno pristaje. Ima visoku kragnu, 6 funkcionalnih džepova. Zakopčava se rajsferšlusom, rukavi su anatomski oblikovani, reflektujući print. Kroj je klasičan i dobro pristaje svima.</p>
<h2 class="hbb-title">FLEX TECH® tehnologija</h2>
<div class="hbb-description">
<p>Sastav Lacuna tkanina s FLEX TECH® tehnologijom omogućuje 2-way stretch mehaničko istezanje tkanine po širini.<br />
Dodatnu rastezljivost omogućuju 4-way stretch sintetička trikotaža rastezljiva i po širini i dužini koja su u konstrukciji radne odeće umetnuta u najnapregnutije dielove kao što je područje iza kolena, struka i leđa.</p>
<p>Lacuna radna odeća s FLEX TECH® tehnologijom pruža veću fleksibilnost i udobnost, kao i bolje zadržavanje oblika, izdržljivost i otpornost na gužvanje.<br />
<strong>BERGEN FLEX</strong> radna odeća sastava s visokim udelom pamuka i FLEX TECH® tehnologijom pruža izuzetnu prozračnost i udobnost u rastezljivoj, čvrstoj i izdržljivoj canvas tkanini<br />
Reflektirajući detalji u dizajnu kolekcije donose atraktivniji izgled, ali i veću uočljivost u uslovima otežane vidljivosti.</p>
</div>

<p>Rastegljiva radna jakna BERGEN FLEX kroja koji savršeno pristaje. Ima visoku kragnu, 6 funkcionalnih džepova. Zakopčava se rajsferšlusom, rukavi su anatomski oblikovani, reflektujući print. Kroj je klasičan i dobro pristaje svima.</p>
